69. Let a be -2 + (-2 - -4 - -2). Let u(s) = s - 3 - s**o - 3 - a*s**2 - s**2 + 4. Give u(-3).
-5
Let a(k) be the first derivative of -k**4/2 - 2*k**3/3 + k**2/2 - 2*k + 55. Give a(-2).
4
Let n(v) = -95*v + 137*v**3 + 11*v**2 - 15 + 82*v - 136*v**3. Calculate n(-12).
-3
Let m(r) = r**3 + 9*r**2 + 17*r + 70. Let b be m(-8). Let c(g) = g**2 + 4*g + 3. Give c(b).
-1
Let j(l) = 101 + 90 + l - 188. What is j(5)?
8
Let i(b) = -b**2 + 19*b - 22. Let f be (-6)/(3 + (-221)/65). What is i(f)?
38
Let g(i) = -i**2 + 12*i - 32. Let h = -767 + 771. Give g(h).
0
Suppose 4*s + 2 = 6. Let p(f) = 570*f**2 - 4 - 580*f**2 + 3 + f. What is p(s)?
-10
Let h(v) = 13*v + 25. Let r be h(-2). Let q(d) = 8*d - 1. Calculate q(r).
-9
Let w(v) = -16 - 4*v + 29*v - 24*v. What is w(11)?
-5
Suppose -43*y + 47*y - 16 = 0. Let f(t) = -3*t + y*t - 10 + 12 + 0*t. Suppose -2*g - 8 + 2 = 0. What is f(g)?
-1
Let d(y) = 28*y**2 + 10*y + 6. Let g(s) = 9*s**2 + 3*s + 2. Let i(k) = 2*d(k) - 7*g(k). Calculate i(-2).
-28
Let t(x) = 19*x + 1. Let z = 90 + -91. Calculate t(z).
-18
Suppose -4*t + 15 = t, 5*t = s + 12. Let u(x) = 458*x**2 - 450*x**2 + 5*x - 3*x**3 + 4*x**s - 8. What is u(-7)?
6
Let p(l) = -164*l**2 + 79*l**2 + 0*l + 83*l**2 - l. What is p(-1)?
-1
Let m(j) = -51*j + 17. Let h(k) = -40*k + 17. Let a(t) = 5*h(t) - 4*m(t). Give a(-4).
1
Suppose -10*p + 4*p = 0. Suppose 2*v = -p*v. Let l(y) = -8*y**2 + 2*y**2 - 7 + 5*y**2. Give l(v).
-7
Let x(j) = -3 + 6 + 3 - 7 + j. Let q(g) = 5*g - 3. Let y(l) = -q(l) + 3*x(l). Give y(-3).
6
Let q(y) = 4*y**2 - 33*y + 9. Let c be q(8). Let n(h) = -h**2 + 8*h + 4. Let j be n(8). Let x(t) = c - j + t + 1 + 3*t. Give x(3).
10
Let h(f) = f**3 + 3*f**2 + 3*f + 1. Suppose 5*i - 11 + 1 = 0. Let q = 3 + i. Suppose -w + 17 = -4*j, -6*j + j = q*w - 10. Give h(j).
-8
Let o(c) = c**2 + 10*c + 14. Let w be o(-9). Let a be (-2)/w + 54/(-15). Let d(l) = -l - 3. Give d(a).
1
Let a(z) = z**2 + 6*z + 3. Let o(d) = -d + 3. Let q(v) = v - 1. Let c(p) = o(p) + 2*q(p). Let y(l) = -a(l) + 6*c(l). Let m be -3*48/(-18) + -5. Determine y(m).
-6
Let l(c) be the third derivative of -11*c**5/60 + c**4/6 + c**3/6 + 117*c**2. What is l(-2)?
-51
Let n be -2 + 2 + 0 - -3. Let j(x) be the second derivative of 2*x - 1/12*x**4 + 0 + 1/3*x**3 - 1/2*x**2. Determine j(n).
-4
Let m(d) be the second derivative of d**4/12 + d**3/2 - d**2 + 3*d + 6. Let o(l) = l + 1. Let g be o(-4). Give m(g).
-2
Let n(c) = 2*c - 49. Let x be n(27). Let z(v) = 2*v**3 + 9*v + 6. Let q(f) = 5*f**3 + f**2 + 26*f + 18. Let t(i) = 3*q(i) - 8*z(i). What is t(x)?
-14
Suppose 18 = -31*o + 34*o. Let k(f) = 16*f - 13*f - f**2 + 2*f. What is k(o)?
-6
Let k(j) be the first derivative of j**3/3 + j**2/2 - 23*j + 389. Calculate k(5).
7
Let h = -197 - -197. Let r(k) = -2*k - k**3 + 0*k**2 + k + k**2 + 11. Determine r(h).
11
Suppose -5*i - 20 = -5*w + 15, 0 = 5*i. Let g(b) = -1 - 6*b - 4 + 6*b + w*b - b**2. Give g(4).
7
Let v = -330 - -326. Let f(m) = 2*m**3 + 4*m**2 - 3*m + 1. Give f(v).
-51
Let o(l) = -20 + 40 - 21 - 12*l. Determine o(1).
-13
Suppose -27*r = -33*r - 6. Let b(m) = 2 - 2 - m + 3*m**3. Give b(r).
-2
Let x(m) = -m**3 - 6*m**2 - 6*m - 3. Let u be 112/(-20)*1 - 6/(-10). Give x(u).
2
Let r(x) = x - 35. Let b be r(12). Let l(n) = n + 30. Let i be l(b). Let t(g) = g**2 - 7*g - 7. Give t(i).
-7
Let l(w) = -2*w**3 - 6*w**2 + 3*w - 2. Let x(m) = m**3. Let i be 1 + -2 - ((-6)/2 - -5). Let v(g) = i*x(g) - l(g). Give v(4).
22
Let c(m) = -4*m**3 + m**2 + 6*m - 2. Let y(f) = -3*f**3 + 5*f - 1. Let h(g) = -4*c(g) + 5*y(g). Let i(j) = -4*j + 144. Let a be i(35). Give h(a).
7
Let a(u) = u**3 - 3*u**2 - 2. Suppose -2*v - 3 = -o, -4*v = -4*o - 0*v + 16. Suppose -11 = -o*p + 4. Give a(p).
-2
Let a(t) = t**2 + 7*t + 6. Let k be 4 + (1 + -3)/2. Let g be 3 + -4 - (k - 22). Let h = -24 + g. What is a(h)?
0
Let w be ((-52)/(-10))/(((-56)/(-20))/(-7)). Let q(f) = f + 17. Determine q(w).
4
Let s(p) be the second derivative of p**4/12 + p**3/2 + 15*p**2/2 - 24*p. Let g(v) be the first derivative of s(v). Give g(-5).
-7
Suppose 0 = -2*l + 2*y + 4, -y - 6 = -3. Let d(v) be the first derivative of 3*v**2 - 1. Calculate d(l).
-6
Suppose 0 = -3*q - 2*w - 2, 6*q - q + 6 = -4*w. Suppose -5*o + 7 = 2. Let n(j) = j + o - 3*j**2 - j - j. Determine n(q).
-13
Suppose 5*r - 2 = d + 7, -9 = -3*d + 3*r. Let y(h) = h**2 - 2*h - 17. What is y(d)?
7
Let n(q) = -2*q + 1. Let v(j) = j - 1. Let l(c) = -6*n(c) - 13*v(c). Let y(d) = -d**3 - 14*d**2 - 12*d + 16. Let k be y(-13). Determine l(k).
4
Suppose -2*m - 2 + 6 = 0. Suppose m*x = -3*b - 17, -2*b + 5*x + 23 = -3*b. Let a(v) = v**2 + v. Determine a(b).
6
Let b be 6/2 + (-4 - -3). Suppose -5*f = o - 20, -o = -b*f + 3*f - 4. Let t(l) = -2*l + 6. Calculate t(f).
-2
Let v(d) = d**3 + 7*d**2 + 5*d - 4. Suppose 4*l + c = 8, 2*l + 3*c = -3*l + 17. Let y be (1/(-3))/(2/30)*l. What is v(y)?
21
Let f(a) be the second derivative of a**4/12 - 5*a**2 - 5*a - 14. Give f(0).
-10
Let l(u) = -u**3 - u**2 - u + 5. Suppose -5*p + 5*q = 40, 5*p + q = -q - 61. Let m = p - -14. Suppose -m*n = -0*n. Determine l(n).
5
Let k = 22 + -27. Let o(v) = -3*v + 11. Let l(a) be the second derivative of -2*a**3/3 + 8*a**2 - 3*a. Let x(b) = 5*l(b) - 7*o(b). Calculate x(k).
-2
Let q(a) = -9*a**2 + 14*a - 38. Let i(c) = 7*c**2 - 16*c + 36. Let t(m) = -4*i(m) - 3*q(m). What is t(20)?
10
Let c(a) be the second derivative of a**3 - a**2/2 - 8*a. Let y = 1 + 2. Suppose -2*v = -3*v - 4*n + 5, y*v + n = 4. What is c(v)?
5
Let r(q) be the second derivative of -q**5/20 - q**4/3 + 5*q**3/6 - 3*q**2/2 - q. Let z = -7 - -107. Suppose z*d - 95*d + 25 = 0. What is r(d)?
-3
Let r(x) be the first derivative of 1/4*x**4 + 5/3*x**3 - 9/2*x**2 - 8*x - 49. Calculate r(-6).
10
Let t(q) be the first derivative of q**3/3 - 5*q**2/2 + 3*q - 25. Let o = -9 + 13. Give t(o).
-1
Suppose 4 = 3*z + z. Suppose -13 - 67 = -8*s. Let l(y) = 0*y**3 + 4*y**3 - y**3 - s*y + 11*y. Determine l(z).
4
Suppose -13*d - 13*d = 182 - 0. Let a(j) = -j**2 - 6*j + 1 - j**2 + j**2. Calculate a(d).
-6
Suppose 4*q - 50*w = -45*w - 21, 15 = -q - 2*w. Let r(d) = d**3 + 10*d**2 + 8*d - 11. Calculate r(q).
-2
Let u(k) be the first derivative of -k**2 + k + 50. Calculate u(-5).
11
Suppose 3*x - 7 = 2*x. Let q(c) = 6 - x*c + 2*c**2 - c**2 + 0*c + 0*c**2. Calculate q(6).
0
Let f(t) = -t - 6. Let m = -9 + 3. Let a be f(m). Let v be (a + 16/12)*-3. Let p(d) = d**3 + 3*d**2 - 2*d + 5. What is p(v)?
-3
Let d be (-14)/12 - 954/108. Let l(f) = -f**3 - 10*f**2 + 11. Determine l(d).
11
Let s(d) be the first derivative of d**4/4 - 4*d**3/3 - 3*d**2 + d - 2. Let b(x) = -2*x**3 + 13*x**2 - 2*x - 19. Let w be b(6). Calculate s(w).
-4
Let g(z) = 4*z**3 + z**2 - 2*z + 1. Let p = -23 + 21. Suppose i + 1 = j + 3, 0 = -i + 3*j + 2. Let d be -4 + i + 1 - p. What is g(d)?
4
Let g = -5 - -13. Suppose -8 = 2*q + 2*u, 5*q + g = -u - u. Let t(n) = -5*n + 3*n + q*n - n. Give t(-3).
9
Suppose 0 = -5*r - 5*f, -r - 4*r - 27 = -4*f. Let w(p) = 4 + 5 - 3 - 4 - 4*p. Determine w(r).
14
Let u(s) = 3*s**3 + 2*s**3 - 4*s**3 - 2 + 4*s**2 - 4*s. Suppose 91 = 8*j - 77. Let k be (j + -18)*(0 - 5/3). Determine u(k).
-7
Let l be (-5)/(50/4) + 28/20. Suppose -165 = -5*w + 285. Let u(m) = 83*m - m**2 + l - w*m - 8. Give u(-6).
-1
Let s(i) = -i**3 - 6*i**2 - 2*i - 8. Let m be s(-6). Suppose -6 = 2*a, 7*a + 43 = m*k + 2*a. Let v(z) = -z**3 + 7*z**2 + 2*z + 4. Give v(k).
18
Let d(o) = -11*o**2 - o. Let x(n) = 3*n - 10. Let h = -12 + 16. Let l be x(h). Let f be 0/(l/(-2)) - 1. What is d(f)?
-10
Suppose q + 7 = -3*a, 0*q + a = 4*q + 2. Let v(f) = -7*f**3 - f**2 - f - 1. What is v(q)?
6
Let m be 4*(-9)/63 - 78/(-63). Let h(u) be the third derivative of 1/12*u**4 + 0 + 0*u - u**2 - m*u**3. Give h(3).
2
Let k(i) be the first derivative of i + i**2 - 1/3*i**3 + 8. Let t(y) = y**3 + y**2 - 4*y - 2. Let d be t(2). Calculate k(d).
1
Let t(i) = -15*i + 14. Let c(p) = 25*p - 27. Let v(k) = 4*c(k) + 7*t(k). What is v(5)?
-35
Let n be (-5)/(-2) - 52/8. Let j(m) = m**3 + 2*m**2 - 4*m + 4. What is j(n)?
-12
Let p(s) be the first derivative of -s**4/4 - 3*s**3 - 4*s**2 + s - 69. Determine p(-8).
1
Let v(g) be the third derivative of 3/2*g**3 - 1/120*g**6 - 6*g**2 - 1/24*g**4 + 0 + 7/60*g**5 - 6*g. What is v(7)?
2
Let i(h) = -2*h**3 + 3*h**2 - 1. Sup